{"id":88,"date":"2014-10-25T15:41:18","date_gmt":"2014-10-25T13:41:18","guid":{"rendered":"http:\/\/www.mcasadellapol.cat\/?page_id=88"},"modified":"2025-09-12T12:56:39","modified_gmt":"2025-09-12T11:56:39","slug":"pimes","status":"publish","type":"page","link":"https:\/\/www.mcasadellapol.cat\/?page_id=88","title":{"rendered":"Empresa"},"content":{"rendered":"<p data-start=\"300\" data-end=\"576\">Les empreses, sigui quin sigui el seu sector \u2014metal\u00b7l\u00fargic, t\u00e8xtil, hostaleria, c\u00e0mpings o serveis\u2014, estan exposades a riscos de manera constant. Una incid\u00e8ncia inesperada pot tenir conseq\u00fc\u00e8ncies greus en el patrimoni, la producci\u00f3 i fins i tot en la continu\u00eftat del negoci.<\/p>\n<p data-start=\"578\" data-end=\"816\">Per aix\u00f2 \u00e9s fonamental comptar amb una asseguran\u00e7a d\u2019empresa adaptada a cada activitat, que doni cobertura tant als <strong data-start=\"694\" data-end=\"712\">b\u00e9ns materials<\/strong> com a la <strong data-start=\"722\" data-end=\"747\">responsabilitat civil<\/strong> i a les possibles <strong data-start=\"766\" data-end=\"789\">p\u00e8rdues econ\u00f2miques<\/strong> derivades d\u2019un sinistre.<\/p>\n<h3 data-start=\"818\" data-end=\"870\">Qu\u00e8 pot cobrir una asseguran\u00e7a per a empreses?<\/h3>\n<ul data-start=\"871\" data-end=\"1667\">\n<li data-start=\"871\" data-end=\"973\">\n<p data-start=\"873\" data-end=\"973\"><strong data-start=\"873\" data-end=\"900\">Robatori i desperfectes<\/strong>: amb cobertura total (100%) o a valor parcial, segons les necessitats.<\/p>\n<\/li>\n<li data-start=\"974\" data-end=\"1041\">\n<p data-start=\"976\" data-end=\"1041\"><strong data-start=\"976\" data-end=\"1000\">Avaria de maquin\u00e0ria<\/strong>: essencial per a ind\u00fastries i tallers.<\/p>\n<\/li>\n<li data-start=\"1042\" data-end=\"1115\">\n<p data-start=\"1044\" data-end=\"1115\"><strong data-start=\"1044\" data-end=\"1063\">Danys el\u00e8ctrics<\/strong>: protecci\u00f3 d\u2019instal\u00b7lacions i equips electr\u00f2nics.<\/p>\n<\/li>\n<li data-start=\"1116\" data-end=\"1196\">\n<p data-start=\"1118\" data-end=\"1196\"><strong data-start=\"1118\" data-end=\"1154\">Recuperaci\u00f3 d\u2019arxius inform\u00e0tics<\/strong> i cobertures associades a ciber-riscos.<\/p>\n<\/li>\n<li data-start=\"1197\" data-end=\"1417\">\n<p data-start=\"1199\" data-end=\"1227\"><strong data-start=\"1199\" data-end=\"1224\">Responsabilitat civil<\/strong>:<\/p>\n<ul data-start=\"1230\" data-end=\"1417\">\n<li data-start=\"1230\" data-end=\"1289\">\n<p data-start=\"1232\" data-end=\"1289\">d\u2019explotaci\u00f3 (pels danys que pugui causar l\u2019activitat),<\/p>\n<\/li>\n<li data-start=\"1292\" data-end=\"1343\">\n<p data-start=\"1294\" data-end=\"1343\">patronal (davant reclamacions de treballadors),<\/p>\n<\/li>\n<li data-start=\"1346\" data-end=\"1417\">\n<p data-start=\"1348\" data-end=\"1417\">de productes (si els danys provenen de productes o serveis venuts).<\/p>\n<\/li>\n<\/ul>\n<\/li>\n<li data-start=\"1418\" data-end=\"1667\">\n<p data-start=\"1420\" data-end=\"1667\"><strong data-start=\"1420\" data-end=\"1450\">Interrupci\u00f3 de l\u2019activitat<\/strong>: indemnitzaci\u00f3 per p\u00e8rdues econ\u00f2miques quan un sinistre obliga a aturar el negoci. Pot calcular-se en funci\u00f3 del marge brut o de les despeses permanents, amb per\u00edodes d\u2019indemnitzaci\u00f3 que poden anar de 3 a 12 mesos.<\/p>\n<\/li>\n<\/ul>\n<h3 data-start=\"1669\" data-end=\"1691\">Solucions a mida<\/h3>\n<p data-start=\"1692\" data-end=\"2060\">Cada empresa \u00e9s diferent. El tipus d\u2019activitat, les instal\u00b7lacions, el volum de facturaci\u00f3 o les mesures de seguretat existents s\u00f3n factors que influeixen directament en el risc.<br data-start=\"1870\" data-end=\"1873\" \/>Per aix\u00f2, oferim <strong data-start=\"1890\" data-end=\"1933\">solucions individuals i personalitzades<\/strong>, ajustades a la realitat de cada client, de manera que l\u2019empresa estigui protegida sense pagar per cobertures innecess\u00e0ries.<\/p>\n<hr data-start=\"2062\" data-end=\"2065\" \/>\n<p data-start=\"2067\" data-end=\"2230\">\ud83d\udc49 Amb una asseguran\u00e7a d\u2019empresa ben dissenyada, pots centrar-te a fer cr\u00e9ixer el teu negoci amb la tranquil\u00b7litat que els riscos imprevistos estan sota control.<\/p>\n","protected":false},"excerpt":{"rendered":"<p>Les empreses, sigui quin sigui el seu sector \u2014metal\u00b7l\u00fargic, t\u00e8xtil, hostaleria, c\u00e0mpings o serveis\u2014, estan exposades a riscos de manera constant. U<\/p>\n","protected":false},"author":1,"featured_media":0,"parent":42,"menu_order":0,"comment_status":"closed","ping_status":"closed","template":"fullwidth.php","meta":{"om_disable_all_campaigns":false,"_monsterinsights_skip_tracking":false,"_monsterinsights_sitenote_active":false,"_monsterinsights_sitenote_note":"","_monsterinsights_sitenote_category":0,"_uf_show_specific_survey":0,"_uf_disable_surveys":false,"footnotes":""},"class_list":["post-88","page","type-page","status-publish","hentry"],"aioseo_notices":[],"_links":{"self":[{"href":"https:\/\/www.mcasadellapol.cat\/index.php?rest_route=\/wp\/v2\/pages\/88","targetHints":{"allow":["GET"]}}],"collection":[{"href":"https:\/\/www.mcasadellapol.cat\/index.php?rest_route=\/wp\/v2\/pages"}],"about":[{"href":"https:\/\/www.mcasadellapol.cat\/index.php?rest_route=\/wp\/v2\/types\/page"}],"author":[{"embeddable":true,"href":"https:\/\/www.mcasadellapol.cat\/index.php?rest_route=\/wp\/v2\/users\/1"}],"replies":[{"embeddable":true,"href":"https:\/\/www.mcasadellapol.cat\/index.php?rest_route=%2Fwp%2Fv2%2Fcomments&post=88"}],"version-history":[{"count":9,"href":"https:\/\/www.mcasadellapol.cat\/index.php?rest_route=\/wp\/v2\/pages\/88\/revisions"}],"predecessor-version":[{"id":3270,"href":"https:\/\/www.mcasadellapol.cat\/index.php?rest_route=\/wp\/v2\/pages\/88\/revisions\/3270"}],"up":[{"embeddable":true,"href":"https:\/\/www.mcasadellapol.cat\/index.php?rest_route=\/wp\/v2\/pages\/42"}],"wp:attachment":[{"href":"https:\/\/www.mcasadellapol.cat\/index.php?rest_route=%2Fwp%2Fv2%2Fmedia&parent=88"}],"curies":[{"name":"wp","href":"https:\/\/api.w.org\/{rel}","templated":true}]}}